s the greatest common divisor of w and i?
12
Suppose -16 = -r - 2*p, -24*p + 23*p - 124 = -5*r. Calculate the highest common factor of r and 200.
8
Let c(w) = -w - 1. Let n(o) = o**2 - 28*o + 33. Let h(f) = 6*c(f) - n(f). Let g be h(18). What is the highest common factor of g and 132?
33
Let d be 42/30 + -2 + (-173)/(-5). Let w be (-4)/(-10) - (-38)/5. Let l = d - w. Calculate the greatest common factor of 65 and l.
13
Suppose 5*k = -5*s - 5 - 0, -3*s - 3 = 0. Let y(g) = g + 19. Let h be y(-15). Suppose -h*x + k*x = -120. What is the greatest common factor of 6 and x?
6
Suppose 3*c - 23 - 10 = 0. Let f = 16 + -14. Let q be 58 - (1 + f - 0). Calculate the highest common divisor of c and q.
11
Suppose -3*v = -3*i - v + 47, -5*v = 5*i - 45. Let d = 1563 - 1550. Calculate the highest common factor of i and d.
13
Let k be (-860)/(-6) - 12/(-18). Suppose 0 = 3*f + 5*f - k. What is the highest common divisor of f and 2?
2
Suppose -2*f = -7*f - 95. Let b = f + 22. Suppose 2*i - 2 = -m + 4, 4 = -m + 3*i. Calculate the greatest common divisor of m and b.
1
Let a(b) = 11*b**3 - 12*b**2 + 9*b + 16. Let h be a(4). Calculate the highest common factor of h and 24.
12
Let w = 33 + -27. Let t(u) = 3*u + 6. Let j be t(w). Calculate the highest common divisor of 60 and j.
12
Let j = -1870 + 1873. Let c = 61 - 16. Suppose 3*b = -2*b + c. What is the greatest common divisor of b and j?
3
Suppose -3*r + 5*o + 32 = 0, -2*r - 12 = o + 4*o. Suppose r*p + 4*l = 184, 3*l - 230 = -9*p + 4*p. Calculate the greatest common divisor of 92 and p.
46
Let z(k) = -329*k - 628. Let c be z(-2). Let i = 3 - -57. What is the greatest common factor of i and c?
30
Let a(q) = 275*q**3 - q**2 - 5*q + 6. Let z be a(1). What is the highest common factor of 25 and z?
25
Let f = -54 + 102. Let q = -102 - -114. Calculate the highest common factor of q and f.
12
Suppose -4*i - 50 = -s, -2*s + 5*i = -11 - 74. Suppose 11*k + 146 - 366 = 0. What is the greatest common divisor of k and s?
10
Suppose -3*s + s + 20 = 0. Suppose s = 3*i - 5*x, -i + 2*x = -2*i + 7. Suppose -i*v + 8 = -712. What is the greatest common divisor of v and 18?
18
Suppose 0 = -2*k + k + 3*u - 3, 25 = 5*u. Suppose 3*c - 980 = 313. Suppose 0*m = -4*f - m + c, -f + 2*m = -110. Calculate the highest common divisor of k and f.
12
Suppose 3*d = -d + 2*w - 68, -58 = 3*d + 2*w. Let f = d + 42. Calculate the highest common factor of f and 168.
24
Let l(x) = 15*x**3 + 3*x**2 + 2*x - 12. Let m be l(3). Suppose -c - 79 = -h - 6*c, 4*h - 2*c = m. Calculate the greatest common divisor of 13 and h.
13
Suppose 10*n = -1927 + 2407. Calculate the greatest common factor of 60 and n.
12
Let a(n) = -n**2 - 4*n + 1. Let s be a(-3). Suppose 4*h + s*f - 328 = 0, -4*f + 5*f + 86 = h. What is the highest common divisor of 28 and h?
28
Suppose 11*h + 4 - 1203 = 0. What is the highest common divisor of h and 545?
109
Let z(v) = v + 40. Let w be z(-8). Suppose -65 = -5*t - 5*h + 4*h, -t - 4*h = -w. What is the highest common factor of 4 and t?
4
Suppose 0 = -5*p + n + 843, 0 = -2*p + 23*n - 22*n + 339. Suppose 3*c + c - 100 = 4*a, 5*c = -a + 119. Calculate the highest common divisor of c and p.
24
Let d(b) = -7*b - 4. Let m be d(0). Let v be (m/(-3 + 1))/((-2)/(-11)). Calculate the greatest common divisor of v and 1.
1
Let o be (-5)/((-75)/(-18))*-25 + 0. Let a be o/25*(7 + -2). Let i = 0 - -4. Calculate the greatest common divisor of a and i.
2
Let n be 11 + 0 - 8/(-4). Let k = -11 - -23. Suppose k = 4*d - 40. Calculate the greatest common divisor of d and n.
13
Let z be (20 - 0)/(0 + (-2)/(-10)). Suppose -7 = -w + 18. Calculate the greatest common divisor of w and z.
25
Suppose -12 = -3*b + 2*t, 4*b + 10 = -3*t + 26. Let r be ((-9)/(-5))/((-6)/(-20)). What is the highest common factor of b and r?
2
Suppose -6*w + 3384 = -2*q, 8*q - 6*q = -5*w + 2820. Calculate the highest common factor of 12 and w.
12
Suppose 4*a - 184 = -4*k + 3*k, 0 = 3*k - 5*a - 484. Let d(i) = i**2 + 2*i + 21. Let l be d(0). What is the greatest common divisor of k and l?
21
Let s = -43 - -50. Suppose -9*m + 5*m + 308 = 0. Calculate the greatest common factor of s and m.
7
Suppose 0 = x + 2*x + 57. Let f = x - -21. Let u = 85 + -73. Calculate the highest common divisor of f and u.
2
Let x be (-6)/(6/9 - 1). Suppose -5*g = -0*g. Let s be (5 - 2)*(g + 1). What is the greatest common divisor of x and s?
3
Let k = -5 + 16. Let n = 34 - k. What is the greatest common divisor of n and 161?
23
Suppose 0 = -5*q + q + 80. Let g = -14 + q. Suppose -5*v + 136 = -3*b - 209, -v = b - 61. Calculate the highest common divisor of g and v.
6
Let r = -12 - -17. Let j = 10 - r. Suppose 0 = -j*v - 3*x + 89, v + 3*x - 73 = -3*v. Calculate the highest common divisor of 144 and v.
16
Let n be 658/8 + (-2)/8. Let h = 28 + n. Let z be 1*(-8)/(-3)*60/16. What is the highest common factor of h and z?
10
Let s = 17 - 25. Let y(r) = 3406*r - 3397*r + 3 + r**2 + 7. Let k be y(s). Calculate the greatest common divisor of k and 5.
1
Suppose -11*j + 37*j - 2080 = 0. What is the highest common factor of 12 and j?
4
Let k = -4 + 7. Let b(o) = 3 + 4*o - o - k*o - 7*o. Let f be b(-3). Calculate the highest common divisor of 6 and f.
6
Let p(f) = 247*f**2 + 2*f - 2. Let v be p(1). Suppose -5*z + v + 143 = 0. Calculate the highest common factor of z and 195.
39
Suppose -2*j = 5*d - 723, 14*j - 1842 = 9*j - d. Calculate the greatest common divisor of j and 41.
41
Let d(w) = 13*w**2 + 8*w + 8. Let m be d(-1). Suppose -3*y = -m*y + 500. Calculate the highest common divisor of 10 and y.
10
Suppose -5*z + 15 = 0, 5*z + 953 = h + 3*h. What is the highest common divisor of 22 and h?
22
Suppose 19*u = 65*u - 736. What is the highest common divisor of u and 14?
2
Suppose 2*s = -3*z + 364, 0*s - z - 172 = -s. Let t = s + 66. What is the highest common factor of t and 22?
22
Let m = 387 + -377. Calculate the greatest common factor of m and 17.
1
Suppose 3*d = -3*i + 12, 2*i - 8 = -84*d + 80*d. Let z = -3 - -4. What is the greatest common factor of z and i?
1
Let b = -52 + 245. Let a = b + -53. What is the greatest common divisor of a and 14?
14
Let t be 2278/340 + (-3)/(-10). Suppose 3*w - 8*w + 52 = i, -5*w + 46 = -2*i. Let n = w + -3. Calculate the greatest common factor of n and t.
7
Let h(o) = -o**3 + 7*o**2 + 19*o - 6. Let d be h(9). What is the highest common factor of d and 3?
3
Let r(o) = 2*o**3 - 14*o**2 + 14. Let z be r(7). Calculate the highest common divisor of 14 and z.
14
Let j be (1/(-3))/((-1)/21). Let z be 1 + 3 + -7 + 4. Let o be (z - 4 - 0)*-7. Calculate the greatest common divisor of o and j.
7
Let i be (100/(-14) - -2)*(-30 - -23). What is the highest common divisor of 36 and i?
36
Let i = 15 + -7. Let v = -414 + 486. Calculate the greatest common factor of v and i.
8
Let k(t) = 24*t**2 + 17*t + 1. Let a be k(-2). What is the highest common factor of 18 and a?
9
Suppose 0 = -5*l - 3*n + 146, -l + 37 = -0*n - 2*n. Let x = 36 - l. Calculate the highest common factor of x and 2.
1
Let p be (-8)/(((-28)/(-21))/(-2)) - 4. Calculate the highest common factor of p and 128.
8
Let j = 114 + -99. Calculate the greatest common divisor of 6 and j.
3
Suppose 4*f - 3*i + 39 = 160, -5*i = 5*f - 125. Calculate the highest common divisor of f and 21.
7
Let f(d) = 2*d**3 - 5*d**2 - 9*d + 10. Let n be f(5). Calculate the greatest common divisor of 12 and n.
6
Let o = -15 - -11. Let r = 6 + o. Suppose -2*p - 2*p = -5*b + 634, b - 128 = r*p. Calculate the greatest common divisor of b and 18.
18
Let n = -227 + 283. Calculate the highest common divisor of 252 and n.
28
Let i be (76/(-95))/((-4)/1950). Calculate the highest common divisor of i and 546.
78
Let i(n) = 7*n**3 - n**2 + 2. Let q be i(2). Suppose 78 + q = 11*v. Let j be 4/(-10) + 1324/10. Calculate the greatest common divisor of v and j.
12
Suppose -49*p = -p - 59568. What is the highest common factor of 17 and p?
17
Let w = 4 + 2. Let q be w/(-4)*(-148)/3. What is the highest common factor of 185 and q?
37
Let r = 236 - 164. Let s = 26 - -6. Suppose 9*t - s = 5*t. What is the greatest common divisor of r and t?
8
Let u(f) = -5*f + 55. Let n be u(9). Suppose -n*w = 4*w - 364. Calculate the highest common factor of 26 and w.
26
Let c be (35/(-14) - -2)*-46*62. Calcul